lculate the remainder when 24964 is divided by 141.
7
Calculate the remainder when 14495 is divided by 117.
104
What is the remainder when 21187 is divided by 46?
27
What is the remainder when 644967 is divided by 16?
7
What is the remainder when 10222 is divided by 21?
16
What is the remainder when 152626 is divided by 28?
26
What is the remainder when 342176 is divided by 90?
86
Calculate the remainder when 3855612 is divided by 37.
27
Calculate the remainder when 264841 is divided by 13241.
21
What is the remainder when 104426 is divided by 124?
18
Calculate the remainder when 5713 is divided by 718.
687
Calculate the remainder when 1307 is divided by 435.
2
Calculate the remainder when 56357 is divided by 82.
23
Calculate the remainder when 32753 is divided by 16361.
31
Calculate the remainder when 100670 is divided by 143.
141
Calculate the remainder when 6498 is divided by 55.
8
Calculate the remainder when 162303 is divided by 55.
53
Calculate the remainder when 149261 is divided by 24875.
11
Calculate the remainder when 346498 is divided by 300.
298
Calculate the remainder when 25597 is divided by 1219.
1217
What is the remainder when 47229 is divided by 354?
147
What is the remainder when 5643 is divided by 1794?
261
What is the remainder when 2203 is divided by 684?
151
Calculate the remainder when 189872 is divided by 26.
20
Calculate the remainder when 42534 is divided by 478.
470
Calculate the remainder when 1139 is divided by 178.
71
Calculate the remainder when 1206 is divided by 77.
51
Calculate the remainder when 406564 is divided by 56.
4
Calculate the remainder when 33751 is divided by 121.
113
What is the remainder when 46350 is divided by 3?
0
Calculate the remainder when 1211 is divided by 162.
77
What is the remainder when 7744 is divided by 1280?
64
Calculate the remainder when 6452 is divided by 281.
270
What is the remainder when 865022 is divided by 35?
32
Calculate the remainder when 132229 is divided by 529.
508
What is the remainder when 975 is divided by 55?
40
What is the remainder when 6325 is divided by 19?
17
Calculate the remainder when 26433 is divided by 26404.
29
What is the remainder when 4800 is divided by 50?
0
Calculate the remainder when 335746 is divided by 111902.
40
What is the remainder when 22661 is divided by 11296?
69
What is the remainder when 3255050 is divided by 447?
443
What is the remainder when 5002 is divided by 147?
4
Calculate the remainder when 36874 is divided by 31.
15
What is the remainder when 1607858 is divided by 85?
83
Calculate the remainder when 15927 is divided by 18.
15
What is the remainder when 10144 is divided by 669?
109
Calculate the remainder when 161064 is divided by 63.
36
What is the remainder when 171855 is divided by 167?
12
Calculate the remainder when 22769 is divided by 7584.
17
Calculate the remainder when 7847 is divided by 734.
507
What is the remainder when 785 is divided by 19?
6
What is the remainder when 11188 is divided by 361?
358
Calculate the remainder when 5079 is divided by 243.
219
What is the remainder when 55149 is divided by 72?
69
What is the remainder when 5751 is divided by 43?
32
Calculate the remainder when 21157 is divided by 1047.
217
Calculate the remainder when 861689 is divided by 264.
257
Calculate the remainder when 235857 is divided by 47152.
97
Calculate the remainder when 509 is divided by 125.
9
Calculate the remainder when 728847 is divided by 19.
7
Calculate the remainder when 32547 is divided by 4067.
11
What is the remainder when 98456 is divided by 76?
36
What is the remainder when 23704 is divided by 59?
45
Calculate the remainder when 2974 is divided by 68.
50
Calculate the remainder when 823394 is divided by 23.
17
What is the remainder when 1303 is divided by 183?
22
What is the remainder when 16738 is divided by 35?
8
Calculate the remainder when 1136 is divided by 141.
8
Calculate the remainder when 45691 is divided by 1233.
70
Calculate the remainder when 44282 is divided by 548.
442
Calculate the remainder when 84102 is divided by 2273.
1
Calculate the remainder when 155056 is divided by 105.
76
Calculate the remainder when 21767 is divided by 13.
5
Calculate the remainder when 8745 is divided by 127.
109
What is the remainder when 3115 is divided by 2?
1
What is the remainder when 573 is divided by 44?
1
What is the remainder when 762786 is divided by 70?
66
Calculate the remainder when 29483 is divided by 641.
638
Calculate the remainder when 2099 is divided by 481.
175
Calculate the remainder when 938 is divided by 168.
98
Calculate the remainder when 7466 is divided by 7344.
122
What is the remainder when 73973 is divided by 281?
70
What is the remainder when 54315 is divided by 10?
5
What is the remainder when 100037 is divided by 1786?
21
What is the remainder when 48025 is divided by 59?
58
What is the remainder when 37270 is divided by 57?
49
What is the remainder when 32711 is divided by 173?
14
What is the remainder when 80564 is divided by 1088?
52
What is the remainder when 2998 is divided by 1590?
1408
Calculate the remainder when 6348 is divided by 14.
6
Calculate the remainder when 196600 is divided by 345.
295
What is the remainder when 1571556 is divided by 778?
774
Calculate the remainder when 6702 is divided by 168.
150
What is the remainder when 107585 is divided by 76?
45
Calculate the remainder when 282236 is divided by 24.
20
What is the remainder when 7535 is divided by 1879?
19
What is the remainder when 16119 is divided by 168?
159
Calculate the remainder when 45 is divided by 27.
18
What is the remainder when 201741 is divided by 718?
701
What is the remainder when 7219 is divided by 459?
334
Calculate the remainder when 7363 is divided by 662.
81
Calculate the remainder when 13532 is divided by 358.
286
Calculate the remainder when 7347 is divided by 41.
8
What is the remainder when 45753 is divided by 462?
15
What is the remainder when 1126316 is divided by 120?
116
What is the remainder when 1632 is divided by 102?
0
Calculate the remainder when 3321 is divided by 50.
21
What is the remainder when 24747 is divided by 3519?
114
Calculate the remainder when 16030 is divided by 681.
367
Calculate the remainder when 32357 is divided by 16147.
63
Calculate the remainder when 78726 is divided by 483.
480
What is the remainder when 7324 is divided by 2380?
184
What is the remainder when 48015 is divided by 312?
279
Calculate the remainder when 427 is divided by 273.
154
What is the remainder when 1417290 is divided by 1985?
0
Calculate the remainder when 217784 is divided by 68.
48
What is the remainder when 6713 is divided by 614?
573
Calculate the remainder when 1365378 is divided by 1945.
1933
Calculate the remainder when 6800 is divided by 74.
66
What is the remainder when 41801 is divided by 263?
247
What is the remainder when 2317145 is divided by 55170?
5
What is the remainder when 24934 is divided by 107?
3
Calculate the remainder when 783104 is divided by 2576.
0
What is the remainder when 3136 is divided by 1037?
25
What is the remainder when 834 is divided by 35?
29
Calculate the remainder when 145 is divided by 14.
5
What is the remainder when 130 is divided by 49?
32
Calculate the remainder when 10040 is divided by 4969.
102
What is the remainder when 198974 is divided by 6857?
121
What is the remainder when 1753 is divided by 246?
31
What is the remainder when 2817 is divided by 899?
120
Calculate the remainder when 2315 is divided by 116.
111
What is the remainder when 4614 is divided by 114?
54
Calculate the remainder when 1095179 is divided by 134.
131
Calculate the remainder when 16327 is divided by 106.
3
What is the remainder when 4614 is divided by 61?
39
What is the remainder when 123 is divided by 4?
3
Calculate the remainder when 12550 is divided by 12466.
84
Calculate the remainder when 12805 is divided by 3592.
2029
What is the remainder when 2673 is divided by 422?
141
What is the remainder when 10336 is divided by 2581?
12
What is the remainder when 5694 is divided by 386?
290
Calculate the remainder when 427881 is divided by 23.
12
What is the remainder when 45124 is divided by 2654?
6
Calculate the remainder when 114347 is divided by 47.
43
What is the rem